{"id":197,"date":"2023-06-21T15:39:33","date_gmt":"2023-06-21T15:39:33","guid":{"rendered":"https:\/\/anninkioski.fi\/?post_type=product&#038;p=197"},"modified":"2023-06-21T15:39:34","modified_gmt":"2023-06-21T15:39:34","slug":"puhdistusharja","status":"publish","type":"product","link":"https:\/\/anninkioski.fi\/index.php\/tuote\/puhdistusharja\/","title":{"rendered":"Puhdistusharja"},"content":{"rendered":"<p><img decoding=\"async\" loading=\"lazy\" class=\"alignnone size-medium wp-image-195\" src=\"https:\/\/anninkioski.fi\/wp-content\/uploads\/2023\/06\/ripsiharja-225x300.jpg\" alt=\"\" width=\"225\" height=\"300\" srcset=\"https:\/\/anninkioski.fi\/wp-content\/uploads\/2023\/06\/ripsiharja-225x300.jpg 225w, https:\/\/anninkioski.fi\/wp-content\/uploads\/2023\/06\/ripsiharja-scaled-600x800.jpg 600w, https:\/\/anninkioski.fi\/wp-content\/uploads\/2023\/06\/ripsiharja-scaled.jpg 1920w\" sizes=\"(max-width: 225px) 100vw, 225px\" \/><\/p>\n","protected":false},"excerpt":{"rendered":"<p>Tuotetiedot<br \/>\nPuhdistusharja ripsienpidennysten puhdistamiseen. Tuotteen harjat p\u00e4\u00e4sev\u00e4t omien ripsien ja pidennysten v\u00e4liin puhdistaen ne kunnolla. Suositellaan k\u00e4ytett\u00e4v\u00e4ksi ripsienpidennyksille sopivan puhdistusvaahdon kanssa.<\/p>\n","protected":false},"featured_media":195,"comment_status":"open","ping_status":"closed","template":"","meta":{"neve_meta_sidebar":"","neve_meta_container":"","neve_meta_enable_content_width":"off","neve_meta_content_width":100,"neve_meta_title_alignment":"","neve_meta_author_avatar":"","neve_post_elements_order":"","neve_meta_disable_header":"","neve_meta_disable_footer":"","neve_meta_disable_title":""},"product_cat":[18],"product_tag":[35,22,36,34],"_links":{"self":[{"href":"https:\/\/anninkioski.fi\/index.php\/wp-json\/wp\/v2\/product\/197"}],"collection":[{"href":"https:\/\/anninkioski.fi\/index.php\/wp-json\/wp\/v2\/product"}],"about":[{"href":"https:\/\/anninkioski.fi\/index.php\/wp-json\/wp\/v2\/types\/product"}],"replies":[{"embeddable":true,"href":"https:\/\/anninkioski.fi\/index.php\/wp-json\/wp\/v2\/comments?post=197"}],"wp:featuredmedia":[{"embeddable":true,"href":"https:\/\/anninkioski.fi\/index.php\/wp-json\/wp\/v2\/media\/195"}],"wp:attachment":[{"href":"https:\/\/anninkioski.fi\/index.php\/wp-json\/wp\/v2\/media?parent=197"}],"wp:term":[{"taxonomy":"product_cat","embeddable":true,"href":"https:\/\/anninkioski.fi\/index.php\/wp-json\/wp\/v2\/product_cat?post=197"},{"taxonomy":"product_tag","embeddable":true,"href":"https:\/\/anninkioski.fi\/index.php\/wp-json\/wp\/v2\/product_tag?post=197"}],"curies":[{"name":"wp","href":"https:\/\/api.w.org\/{rel}","templated":true}]}}